he remainder when 39 is divided by m.
9
Let t = 140 + -97. Calculate the remainder when t is divided by 11.
10
Suppose -2*k + 5*k = 36. Suppose 1 + 4 = 5*l. Calculate the remainder when ((-5)/10)/(l/(-70)) is divided by k.
11
Suppose 0 = -2*y + g + 39, 4*g + 29 + 37 = 3*y. What is the remainder when 33 is divided by y?
15
Suppose 3*w - 31 = 8. Let b(z) = -23*z + 1. Suppose 2*q - 3*q = 1. Calculate the remainder when b(q) is divided by w.
11
Suppose 2*f = -3*r, 3*r + 18 = f - 0. Calculate the remainder when f is divided by 3.
0
Let y = 74 - 16. What is the remainder when y is divided by 12?
10
Let n = 20 + 6. Suppose -n = v - 3*v. Suppose -24 = -3*m - k, 0*m - 5*m + 40 = -3*k. Calculate the remainder when v is divided by m.
5
Let r = 29 - 17. What is the remainder when r is divided by ((-7)/14)/(1/(-14))?
5
Let c = 45 + -33. What is the remainder when 32 is divided by c?
8
Let a = -4 + 7. Suppose -a*c + 44 = -1. What is the remainder when 518/12 - (-4)/(-24) is divided by c?
13
Suppose 2*n = 3*n + 5*x + 10, -5*x - 20 = 0. Let t = n - -4. What is the remainder when t is divided by ((-10)/(-4))/(1/2)?
4
Suppose -70 = 5*v - 185. Calculate the remainder when v is divided by 8.
7
Let z(i) = i**3 - 3*i**2 - 3*i + 3. Suppose 0 = -0*v + 5*v - 10. Suppose 15 = -v*g + 7*g. Calculate the remainder when z(4) is divided by g.
1
Suppose -2 + 34 = -u. Let v = u - -58. What is the remainder when v is divided by 9?
8
Let s(b) = -b**3 - 2*b**2 - 2*b - 5. Calculate the remainder when 36 is divided by s(-3).
6
Suppose 5*r + 21 = w, 2*r = 3*w + r - 7. Suppose -w - 9 = -a. Suppose 2*d - 14 + 4 = 0, l + 5*d = 54. Calculate the remainder when l is divided by a.
9
Suppose 0 = -0*y - 3*y. Suppose y = -5*r + r + 56. Calculate the remainder when 54 is divided by r.
12
Suppose -2*a = -3*o + 3*a - 30, o = -5*a + 10. Let y(k) = k + 1. Let w be y(o). Let g = w + 11. Calculate the remainder when 13 is divided by g.
6
Suppose 0 = 3*z - 4*s - 54, 0 = 2*z + 4*s - 13 - 43. What is the remainder when z is divided by 5?
2
Suppose -33 - 39 = -3*p. What is the remainder when p is divided by 9?
6
Suppose 0 = 5*c - c + 2*d - 32, -6 = -c - d. Let q(w) = -w**3 + 22*w**2 - 20*w - 3. What is the remainder when q(21) is divided by c?
8
Let o(w) = 7*w + 31. What is the remainder when 122 is divided by o(0)?
29
Let b(s) = -s + 6. Let x be b(2). Suppose -3*v + 153 = 4*j - 0*j, -4*v - x*j = -204. Calculate the remainder when v is divided by ((-3)/(-4))/((-2)/(-48)).
15
Let q = -2 + 2. Let x be 6 + 2 + -4 + q. Calculate the remainder when 6 is divided by (x/(-3))/(2/(-6)).
2
Suppose 38 = n - 5*d, -n + 60 = 2*d + 15. Calculate the remainder when n is divided by 22.
21
Suppose 0 = 3*v + 2*d + 23 - 182, -52 = -v - d. Calculate the remainder when v is divided by 29.
26
Let a = 105 - 96. What is the remainder when 51 is divided by a?
6
Let u(w) = 3*w**2 + 24*w + 10. What is the remainder when u(-9) is divided by 22?
15
Let z(u) be the first derivative of -1 + 7*u + 3/2*u**2. Calculate the remainder when z(6) is divided by 9.
7
Suppose 2*s + 5*o = 20, 9 - 49 = -4*s - o. Calculate the remainder when 17 is divided by s.
7
Let i = 21 + -11. Let h = i - 2. Let b = -25 + 55. What is the remainder when b is divided by h?
6
Suppose -4*z + 231 = -37. Suppose 5*b = -4*n + 99, -5*b + n = -58 - 61. Calculate the remainder when z is divided by b.
21
Let z = 7 + 13. What is the remainder when z is divided by 7?
6
Let u = -216 - -287. Suppose 2*h = 33 + 15. What is the remainder when u is divided by h?
23
Let q = 64 - 41. Let m = q + -13. What is the remainder when m is divided by 4?
2
Suppose 3*m - 3*n - 42 = 18, -5*m - 4*n = -55. Let k = -11 + m. What is the remainder when 9 is divided by k?
1
Let v = 24 + -18. What is the remainder when v is divided by 2?
0
Suppose 31 = 4*c - 0*c + 3*d, -2*c = 5*d - 19. Let l = 10 - c. Calculate the remainder when 7 is divided by l.
1
Let y = -9 - -17. Let t(z) = -z**2 + 7*z + 11. Let p be t(y). Suppose 4*l = -4*o + p*o + 214, l - 57 = -2*o. Calculate the remainder when l is divided by 18.
17
Suppose -3*j + 2*f + 18 = 0, 0 = f + 2 - 5. What is the remainder when 12 is divided by j?
4
Suppose 4*v + v - 15 = 0. Suppose -v*a + 11 = 2. Suppose 0 = -t - 3*j + 28, 45 = 2*t + a*j + 4. Calculate the remainder when t is divided by 7.
6
Let n(q) = -q**2 - 7*q - 5. Let f be n(-4). What is the remainder when 2/f - 966/(-49) is divided by 7?
6
Suppose 4*u + u + 5 = 0. Let c be 2 + -1 - (u + 2). Let h(i) = i**2 + i + 26. What is the remainder when h(c) is divided by 9?
8
Suppose 3*z + 1 = -29. Calculate the remainder when (-36)/z - 2/(-5) is divided by 2.
0
Let i = 118 + -70. Calculate the remainder when i is divided by 13.
9
Calculate the remainder when 95 is divided by (2/(-1) - -26)/(2 + -1).
23
Suppose 36 - 14 = z. What is the remainder when z is divided by 12?
10
Let i(f) = 2*f - 2. Let b be i(4). Suppose -62 = -2*w + 5*y, -5*w + b*y + 155 = y. What is the remainder when w is divided by 8?
7
Let w be 1 - 0 - (4 + 1). Let t = 87 + -61. Calculate the remainder when t is divided by (-2)/(-8) - 35/w.
8
Let c(i) be the second derivative of -3*i**3/2 + i**2 - 2*i. Let w be c(-4). Let a = -27 + w. Calculate the remainder when 20 is divided by a.
9
What is the remainder when 86 is divided by (1 - 3)/((-23)/506)?
42
Let o be (27 + -5)*(-1)/(-2). Suppose -59 = -5*q + o. Calculate the remainder when q is divided by 8.
6
Let u(s) = -s**2 + 3. Let o be u(0). Let g(z) = -z**3 + 4*z**2 - 2*z + 2. What is the remainder when g(o) is divided by 2?
1
Let m be -1 + (-1 + 2)*1. Suppose -k + 6 + 29 = m. Let z = 28 + -10. Calculate the remainder when k is divided by z.
17
Calculate the remainder when 171/4 + 3/12 is divided by 12.
7
Suppose 3*o - o - 89 = -5*z, -5*o - 41 = -3*z. What is the remainder when 31 is divided by z?
14
Suppose 0 = -3*a + 5*o + 128, -a + 0*o + 38 = 3*o. Suppose q - a = -6. What is the remainder when q is divided by 12?
11
Let m be (2 - 4/2)/(-1). Suppose 2*u + 2 = -m*u. What is the remainder when 5 is divided by (2 + u + -2)*-3?
2
Let l = -134 - -144. Calculate the remainder when 45 is divided by l.
5
Suppose 0 = 4*v + 5 - 61. What is the remainder when 54 is divided by v?
12
Let d = -125 + 236. Calculate the remainder when d is divided by 29.
24
Suppose 4*f - 167 - 157 = 3*a, -81 = -f + a. Suppose -5*c + 5*y = -78 - 47, 5*c = -2*y + 146. What is the remainder when f is divided by c?
25
Let s(m) = -m**2 + 3*m + 0 + m**3 + 7*m**2 - 5. Calculate the remainder when s(-5) is divided by 3.
2
Let t(c) = -c**3 + 6*c**2 + c + 1. Suppose -2*d + 90 = 3*d. Suppose -x = -d - 2. What is the remainder when x is divided by t(6)?
6
Suppose -6*h = -2*h. Suppose 5*w + 2*c = 74, 4*w + c - 58 = -h*c. Calculate the remainder when 38 is divided by w.
10
Let a be (12/10)/(6/(-40)). Calculate the remainder when 198/24 + (-6)/a is divided by 5.
4
Let s be (-6)/(-12) + (-5)/2. Let m = s + 12. What is the remainder when 37 is divided by m?
7
Let n(b) = 8*b**2 + 10*b + 9. Calculate the remainder when n(-6) is divided by 34.
33
Let p = 15 - 4. Let t(h) = 10*h**2 - h + 1. Calculate the remainder when t(-2) is divided by p.
10
Let q be 3/3 + 0 - 2. Let o = q - -3. Let t(m) = 19*m. What is the remainder when t(o) is divided by 13?
12
Let w = -21 + 31. Let c = w - 4. Let z(f) = -2*f. Calculate the remainder when z(-8) is divided by c.
4
Suppose -3*q - 64 = -3*a - 16, -3*a - 5*q + 16 = 0. What is the remainder when 20 is divided by a?
8
Suppose 2*w - 153 = -3. What is the remainder when w is divided by 11?
9
Suppose -3*u - 4 = -3*x - 13, -30 = 5*u + 4*x. Let f be ((-3)/(-6))/(u/(-8)). What is the remainder when (4/6)/(f/6) is divided by 1?
0
Let h be (-12)/4 + 10/2. Let i = 8 - h. Let f = i - -7. Calculate the remainder when f is divided by 5.
3
What is the remainder when 142 is divided by (-20)/6 - -4 - (-106)/3?
34
Let a = 6 + -8. Calculate the remainder when (-1)/a*(10 - 0) is divided by 2.
1
Let v = -2 - 0. Let w(t) = -5*t. Calculate the remainder when 37 is divided by w(v).
7
Suppose 4*a + 4*t - 52 = 0, 5*a - 3*t = -6*t + 75. Calculate the remainder when ((-71)/3)/((-6)/18) is divided by a.
17
Suppose -9*o = -5*l - 4*o + 200, -5*l - 5*o = -190. Let p(t) = t**2 + 14. Calculate the remainder when l is divided by